-3*p - 13 - 29. Let n be 38/5 + p/(-35). Suppose 4*l = 0, -4*x + 64 = -3*x - 3*l. What is the highest common factor of x and n?
8
Let o(b) = 2*b**3 - 2*b**2 - 1. Let x be o(3). Suppose -7 = 4*l - x. Let v be (-2)/(-3)*3*7. Calculate the greatest common factor of v and l.
7
Let c(f) = f**3 + 10*f**2 - 6*f + 1. Let q be c(-9). What is the highest common factor of 51 and q?
17
Let x = -15 - -90. What is the highest common factor of 30 and x?
15
Suppose t = -2*f - 2*t + 8, -4*f = -3*t + 2. Suppose 0*p + 8*p - 72 = 0. What is the greatest common factor of f and p?
1
Suppose -5*f + 57 = -o, o - 51 = -3*f - 4*o. Let w be (5 - 2)*20/f. What is the greatest common divisor of w and 45?
5
Suppose 88 = 3*g - 2*j - 29, -5*j + 56 = g. What is the greatest common divisor of 41 and g?
41
Let j = 499 + -87. Suppose 3*l + 3*u = 5*u + 251, 5*l - j = -3*u. Let z = 16 + l. What is the greatest common factor of z and 9?
9
Let r = -17 - -37. Calculate the greatest common factor of 20 and r.
20
Let f = -23 + 59. Calculate the highest common factor of 12 and f.
12
Suppose b + 4 = 11. Let v = b + -7. Suppose v = z + z - 40. Calculate the highest common factor of 20 and z.
20
Let f be (1 + -6)/(-14 - -13). Let n be (-1)/2 - (-532)/(-8). Let y = 112 + n. Calculate the highest common divisor of f and y.
5
Suppose 5*c - 64 = -3*c. Suppose 5*f - 3*m = 271, -2*m = -0*m - 6. What is the greatest common factor of f and c?
8
Let q(v) = -v**3 + 3*v**2 + 5*v - 3. Let w be q(3). Suppose l - 7 = -j, -w = -5*j - 4*l + 18. Calculate the highest common divisor of j and 3.
1
Let f = -12 + 16. Let y be 68 - (1 + -1 - 0). Suppose -f*z + y = -0*z. Calculate the greatest common divisor of 17 and z.
17
Suppose 3*j - 2*j - 22 = -4*n, -j + 7 = -n. What is the highest common factor of 10 and j?
10
Suppose -6*i + i + 55 = 0. Suppose -4*v + 9 = -i. Suppose v*x = 4*t - 19, 5*t = -x - x + 32. Calculate the highest common divisor of 24 and t.
6
Let w be -7*2/(-28)*(6 + 0). What is the greatest common factor of w and 2?
1
Suppose -3*p = 2*p. Suppose p = -4*c + 8 + 8. Suppose -a + 3*b + 24 = 0, c*a + 3*b - 156 = -0*b. Calculate the highest common divisor of 4 and a.
4
Suppose -1 = 2*i - 3*z, -z - 5 = -4*i - 2. Let a be i + (-57)/(-3) + 0. Let h = a + 19. Calculate the highest common divisor of h and 26.
13
Let t be (-8 - (-4 - -2))*-2. What is the highest common factor of t and 12?
12
Let m be (-9)/6*(-100)/3. Let i = 39 + -68. Let x be (1 - i)*4/6. What is the highest common divisor of x and m?
10
Let u = 96 - -2. Let l be 1 + u + 2/2. What is the greatest common divisor of 40 and l?
20
Suppose k + 99 = 5*k - 5*n, -2*n = -2. Let h = k - 9. Let t = -24 + 58. What is the greatest common divisor of h and t?
17
Let h = 12 - 11. Let w be 20/8*h*8. What is the highest common factor of w and 180?
20
Suppose 4*c + 66 = -46. Let j = 52 + c. Calculate the highest common divisor of j and 8.
8
Let q = -12 + 19. Let v(z) be the third derivative of z**5/30 - z**3/6 + 3*z**2. Let s be v(5). Calculate the greatest common factor of s and q.
7
Let n = 5 - -25. Let z be (250/15)/(1/3). Suppose 7*g - 2*g = z. Calculate the greatest common divisor of n and g.
10
Let x be (5/(-4))/((-2)/8). Suppose k + 0*i + 35 = -5*i, -5*k = 2*i + 244. Let d = -30 - k. Calculate the greatest common divisor of x and d.
5
Suppose -43 = -3*n + 8. Calculate the greatest common factor of 68 and n.
17
Suppose -4*u + 4 = 0, 0 = -4*g + 2*u - 6*u. Let b = 13 - g. What is the greatest common factor of b and 126?
14
Let q = -45 + 96. What is the greatest common divisor of q and 34?
17
Let v(p) = 2*p**2 + 6*p - 3. Let f(k) = 3*k - 2. Let q(o) = -o + 2. Let d be q(4). Let c be f(d). Let j be v(c). What is the highest common divisor of j and 11?
11
Suppose -2*z = m - 15, -2*z + 18 = -3*m + m. Calculate the greatest common factor of 88 and z.
8
Let n(c) = c**2 + 7*c + 8. Let x be n(-6). Suppose 13 = -x*b + 45. Calculate the highest common factor of b and 128.
16
Suppose -3*g - 138 = 3*t, g + 2 = -0. Let j be (1 + 0)*(1 - t). What is the highest common factor of 5 and j?
5
Let i(k) = -4*k**3 + 0 - 2*k**3 - 3*k**2 + 5*k**3 - 3. Let u be i(-4). Calculate the highest common divisor of 13 and u.
13
Suppose 3*s - 6*s - 3 = 0. Let v = s - -16. What is the greatest common factor of 5 and v?
5
Suppose -8 = -0*b - 2*b. Let f = b - -8. Suppose -3*r = -r - 120. What is the highest common factor of f and r?
12
Suppose -2*q + 3*q - 5 = 0. Suppose 65 = u - 32. Suppose q*d + u = 4*o, 3*d - 1 = -16. What is the highest common factor of o and 90?
18
Suppose 0 = -0*x + 5*x - 55. What is the greatest common divisor of 55 and x?
11
Let s(x) be the second derivative of -17*x**3/6 - x**2/2 + 4*x. Let v be s(-1). What is the highest common divisor of v and 4?
4
Suppose -4*l + 394 = 3*v + 26, 0 = -l - 5*v + 109. Suppose 136 + l = 3*f. Calculate the highest common divisor of 30 and f.
15
Let a be 3*(4 - 42/(-9)). What is the highest common divisor of a and 26?
26
Suppose 0 = -4*y - 30 + 126. Suppose 4*l - 3*z - 63 = 0, 3*l = z - 16 + 57. What is the highest common divisor of l and y?
12
Let s be 7112/70 - (-6)/(-10). Suppose -3*h - 129 = -2*f, -4*f + f - h = -199. Let y = s - f. Calculate the highest common divisor of 5 and y.
5
Let q be (-4)/22 - 612/(-99). What is the greatest common divisor of q and 15?
3
Let h be 2 - (-19 + (-2)/1). Suppose -1 = v + n - 15, -12 = -2*v + 2*n. Let r = h - v. What is the greatest common divisor of 52 and r?
13
Let y be 9/(-6)*(-440)/30. Calculate the greatest common divisor of 2 and y.
2
Let q be ((-28)/8 - -2) + (-102)/(-4). Let f be 2/2 + 2 + 0. What is the greatest common factor of f and q?
3
Suppose -3*k + 42 = -60. Suppose -2*y + 164 + 2 = 4*v, -4*v = 4. What is the greatest common divisor of y and k?
17
Let a(w) = w**3 - 7*w**2 + 4*w - 1. Let q be a(5). Let i be (2 - q) + (-4)/(-2). Calculate the highest common factor of i and 14.
7
Suppose -4*m = -4*a - 52, m = 5*m - 5*a - 57. Calculate the highest common divisor of 12 and m.
4
Suppose -o + l + 20 = -4*l, 0 = -4*o + 2*l + 26. Suppose o*j = 2*j + 21. What is the highest common factor of j and 7?
7
Let f(q) = q**3 + 5*q**2 - 6*q. Let n be f(-6). Suppose 1 = -u - n. Let b be (28 - 3) + (u - -2). What is the highest common factor of b and 13?
13
Let w be 20/2*(3 - 0). Let r be 42 + -2 + 0 + 5. What is the greatest common divisor of w and r?
15
Let t(g) = -g + 5. Let f be t(5). Let h(k) = -k**2 + 1. Let d be h(f). Let m be 0 + -1 + 1 - -2. What is the greatest common divisor of d and m?
1
Suppose 0 = 4*p - 35 - 73. Suppose 2*v + 3 = p. Let j(l) = 8*l - 44. Let x be j(10). Calculate the greatest common divisor of v and x.
12
Suppose -3*g + 0 + 9 = 0. Calculate the greatest common factor of g and 6.
3
Let a(f) = f**3 + 11*f**2 - 6*f - 56. Let c be a(-11). Calculate the greatest common divisor of 70 and c.
10
Suppose 2*r + 5*w + 20 = -3, -3*w = -4*r - 7. Let s be 9/r - 2/(-8). Let m be (-1494)/(-8) - s/8. Calculate the greatest common divisor of 17 and m.
17
Suppose -76 = -m - 4*s, -4*m + m - s = -272. What is the greatest common factor of m and 23?
23
Let l(j) = -j**3 + 14*j**2 - 12*j - 13. Let n be l(6). Calculate the greatest common divisor of n and 29.
29
Let x = -66 - -118. Calculate the greatest common divisor of 156 and x.
52
Suppose 4*m - 478 + 178 = 0. Suppose -n + 15 = -2*r, -5*n + m = 5*r - 6*r. Calculate the greatest common factor of n and 15.
15
Let k = 2 - -14. Calculate the highest common divisor of 24 and k.
8
Suppose -3*c + 0*p + 229 = -p, -4*p - 223 = -3*c. Suppose -9 = -u - 2*r, -5*u + 0*r + 56 = -r. What is the greatest common factor of u and c?
11
Let q = 5 + 17. Calculate the greatest common divisor of 198 and q.
22
Let d be 4/30 + 11230/150. What is the greatest common factor of d and 60?
15
Let c = 21 - -44. What is the highest common divisor of c and 26?
13
Suppose 0 = -2*i - i - 12, 0 = -j + 2*i + 9. What is the greatest common divisor of j and 7?
1
Let o = 3 - 3. Suppose m - 5 + 2 = o. Suppose -u = 5*n + m, -4*u + 2*n + 23 + 9 = 0. Calculate the highest common factor of 35 and u.
7
Suppose 7*q = -19 + 89. What is the highest common factor of q and 35?
5
Suppose -2*u = 10, 2*j - 3*j + 5*u + 82 = 0. What is the highest common factor of j and 19?
19
Suppose -6*p = 